
True
Is 92413 a prime number?
True
Is 117877 a prime number?
True
Is 11581 a prime number?
False
Is 1211729 a composite number?
True
Is 2243 a composite number?
False
Is 4120931 prime?
True
Is 107441 a composite number?
False
Is 87749 a composite number?
True
Is 69511 a prime number?
False
Is 5435 prime?
False
Is 555557 a composite number?
False
Is 2740585 a composite number?
True
Is 68141 a composite number?
False
Is 2743 a prime number?
False
Is 53539 prime?
False
Is 324799 prime?
True
Is 4559 a composite number?
True
Is 24653 a composite number?
True
Is 28599 composite?
True
Is 3899117 a composite number?
False
Is 1828361 prime?
True
Is 164137 a prime number?
False
Is 29269 prime?
True
Is 1382087 a prime number?
False
Is 3653 a prime number?
False
Is 8501 a composite number?
False
Is 1630307 a composite number?
True
Is 19739 a composite number?
False
Is 6117 composite?
True
Is 2939 composite?
False
Is 116789 a composite number?
False
Is 479 a prime number?
True
Is 181949 composite?
True
Is 2240319 prime?
False
Is 590693 a composite number?
True
Is 18229 prime?
True
Is 6238 a prime number?
False
Is 6449 a prime number?
True
Is 21587 a composite number?
False
Is 2479 composite?
True
Is 10661 prime?
False
Is 18059 composite?
False
Is 438763 a prime number?
False
Is 113885 a composite number?
True
Is 44747 a composite number?
True
Is 541 composite?
False
Is 1657 a prime number?
True
Is 511123 prime?
True
Is 899519 prime?
True
Is 22262 prime?
False
Is 4027511 a composite number?
False
Is 14137 prime?
False
Is 768821 composite?
True
Is 376757 prime?
True
Is 19579 a prime number?
False
Is 14419 a prime number?
True
Is 17337 composite?
True
Is 4811 prime?
False
Is 278129 composite?
True
Is 103331 prime?
False
Is 182401 a prime number?
False
Is 174403 a prime number?
False
Is 102149 a composite number?
False
Is 233287 composite?
True
Is 35813 a composite number?
True
Is 1801 a composite number?
False
Is 22433 a composite number?
False
Is 54647 a composite number?
False
Is 880877 a composite number?
True
Is 3235159 a composite number?
False
Is 2259431 a composite number?
True
Is 42049 a prime number?
False
Is 90067 a composite number?
False
Is 289657 prime?
True
Is 3494 a prime number?
False
Is 116711 a prime number?
False
Is 583 a composite number?
True
Is 109919 prime?
True
Is 45897 composite?
True
Is 1510835 composite?
True
Is 21869 a prime number?
False
Is 1170779 a composite number?
False
Is 55489 a composite number?
True
Is 647 prime?
True
Is 21817 composite?
False
Is 33771 composite?
True
Is 253 composite?
True
Is 21401 prime?
True
Is 230719 a composite number?
False
Is 373699 a composite number?
True
Is 259151 composite?
False
Is 224291 a prime number?
True
Is 6469 a prime number?
True
Is 2051 a composite number?
True
Is 1703 a composite number?
True
Is 205817 prime?
True
Is 10259 prime?
True
Is 80363 composite?
False
Is 246837 prime?
False
Is 21415 a composite number?
True
Is 1045831 a composite number?
True
Is 8857 composite?
True
Is 355469 prime?
False
Is 49891 a prime number?
True
Is 184511 prime?
True
Is 2551 composite?
False
Is 28349 a prime number?
True
Is 74959 composite?
False
Is 36178 prime?
False
Is 73999 a composite number?
False
Is 7601 prime?
False
Is 1253215 composite?
True
Is 36451 prime?
True
Is 62939 composite?
False
Is 20807 a composite number?
False
Is 1763 composite?
True
Is 264035 a composite number?
True
Is 110557 prime?
True
Is 1285 a prime number?
False
Is 35863 a composite number?
False
Is 30293 prime?
True
Is 1814 composite?
True
Is 6999 prime?
False
Is 11107 prime?
False
Is 166723 prime?
True
Is 7753 composite?
False
Is 2707 composite?
False
Is 260621 composite?
True
Is 144379 a prime number?
True
Is 236686 composite?
True
Is 144077 a composite number?
True
Is 56843 composite?
False
Is 20021 prime?
True
Is 3721631 composite?
False
Is 1233691 prime?
False
Is 2741 a prime number?
True
Is 92793 a composite number?
True
Is 424961 a prime number?
True
Is 192991 a prime number?
True
Is 139729 a composite number?
False
Is 1142743 a prime number?
False
Is 899123 prime?
True
Is 58721 a prime number?
False
Is 11307 a prime number?
False
Is 80513 a composite number?
False
Is 691871 a composite number?
False
Is 6769 composite?
True
Is 13859 a prime number?
True
Is 12287 a composite number?
True
Is 167387 composite?
True
Is 110002 a prime number?
False
Is 7561 a composite number?
False
Is 121917 a composite number?
True
Is 115201 a composite number?
False
Is 3323 composite?
False
Is 1223861 prime?
False
Is 66527 composite?
True
Is 21731 a prime number?
False
Is 124617 composite?
True
Is 370085 a prime number?
False
Is 864349 composite?
True
Is 382243 a composite number?
True
Is 1177201 composite?
False
Is 44953 a composite number?
False
Is 256163 composite?
False
Is 53569 a composite number?
False
Is 269473 prime?
True
Is 318139 a prime number?
False
Is 5191 a prime number?
False
Is 811001 a prime number?
False
Is 566983 composite?
True
Is 565337 a composite number?
False
Is 29615 prime?
False
Is 95309 prime?
False
Is 71047 a prime number?
False
Is 1137161 a composite number?
False
Is 365179 a composite number?
False
Is 53651 a prime number?
False
Is 153509 prime?
True
Is 7607 composite?
False
Is 2841 composite?
True
Is 85223 composite?
False
Is 3295 a composite number?
True
Is 1171231 a prime number?
True
Is 98617 a composite number?
True
Is 10193 a prime number?
True
Is 7369 a prime number?
True
Is 5617 composite?
True
Is 53189 a composite number?
False
Is 47221 a prime number?
True
Is 259717 a composite number?
False
Is 45665 a prime number?
False
Is 16253 prime?
True
Is 1282 composite?
True
Is 73361 a composite number?
False
Is 14219 a prime number?
False
Is 959663 a composite number?
True
Is 156589 prime?
True
Is 78389 prime?
False
Is 20993 composite?
True
Is 5981 a prime number?
True
Is 503407 a prime number?
True
Is 22249 a composite number?
True
Is 3504047 composite?
False
Is 304379 a prime number?
False
Is 2841 a composite number?
True
Is 57074 a composite number?
True
Is 40867 a composite number?
False
Is 4201 prime?
True
Is 1817 a composite number?
True
Is 1030411 a composite number?
False
Is 10909 prime?
True
Is 2603 a composite number?
True
Is 453529 a composite number?
True
Is 1041 a prime number?
False
Is 75865 a prime number?
False
Is 18859 a prime number?
True
Is 839 composite?
False
Is 45989 a prime number?
True
Is 199397 a composite number?
True
Is 5243669 a composite number?
False
Is 88721 a prime number?
True
Is 194569 a composite number?
False
Is 60941 a composite number?
True
Is 25409 composite?
False
Is 377189 a composite number?
True
Is 10331 a prime number?
True
Is 1783 a composite number?
False
Is 2951173 prime?
False
Is 41119 composite?
True
Is 18451 a prime number?
True
Is 76997 prime?
False
Is 201389 a composite number?
False
Is 18089 composite?
False
Is 60139 a prime number?
True
Is 27077 a composite number?
False
Is 1535 a composite number?
True
Is 9502 prime?
False
Is 6425461 a composite number?
True
Is 793769 prime?
True
Is 22613 a composite number?
False
Is 557 prime?
True
Is 757381 a prime number?
True
Is 460049 composite?
True
Is 1454 a composite number?
True
Is 13381 a composite number?
False
Is 301921 prime?
False
Is 13367 prime?
True
Is 1952515 prime?
False
Is 265 a prime number?
False
Is 4559 prime?
False
Is 44617 prime?
True
Is 5277 a composite number?
True
Is 4699 a composite number?
True
Is 683 prime?
True
Is 84947 a prime number?
True
Is 164701 prime?
True
Is 51257 a prime number?
True
Is 2149955 prime?
False
Is 8383 composite?
True
Is 12981 a prime number?
False
Is 24659 composite?
False
Is 38027 a composite number?
True
Is 439483 a prime number?
False
Is 949529 a prime number?
False
Is 2927 a composite number?
False
Is 182333 a composite number?
False
Is 229937 a prime number?
True
Is 10477 a composite number?
False
Is 76909 prime?
False
Is 4421 a composite number?
False
Is 35957 a composite number?
True
Is 103081 a prime number?
False
Is 2827 a prime number?
False
Is 245029 a prime number?
True
Is 65735 composite?
True
Is 1201 composite?
False
Is 2648435 composite?
True
Is 1014257 a prime number?
True
Is 63113 a composite number?
False
Is 85471 a composite number?
True
Is 55